Last updated on 2024-05-05 13:55:30 CEST.
Flavor | Version | Tinstall | Tcheck | Ttotal | Status | Flags |
---|---|---|---|---|---|---|
r-devel-linux-x86_64-debian-clang | 1.8.2 | 45.97 | 93.37 | 139.34 | OK | |
r-devel-linux-x86_64-debian-gcc | 1.8.2 | 37.06 | 66.74 | 103.80 | OK | |
r-devel-linux-x86_64-fedora-clang | 1.8.2 | 174.59 | OK | |||
r-devel-linux-x86_64-fedora-gcc | 1.8.2 | 192.69 | OK | |||
r-devel-windows-x86_64 | 1.8.2 | 37.00 | 99.00 | 136.00 | OK | |
r-patched-linux-x86_64 | 1.8.2 | 44.00 | 89.60 | 133.60 | OK | |
r-release-linux-x86_64 | 1.8.2 | 41.67 | 86.49 | 128.16 | OK | |
r-release-macos-arm64 | 1.8.2 | 81.00 | NOTE | |||
r-release-macos-x86_64 | 1.8.2 | 214.00 | NOTE | |||
r-release-windows-x86_64 | 1.8.2 | 41.00 | 106.00 | 147.00 | OK | |
r-oldrel-macos-arm64 | 1.8.2 | 91.00 | NOTE | |||
r-oldrel-macos-x86_64 | 1.8.2 | 215.00 | NOTE | |||
r-oldrel-windows-x86_64 | 1.8.2 | 49.00 | 115.00 | 164.00 | OK |
Version: 1.8.2
Check: installed package size
Result: NOTE
installed size is 5.7Mb
sub-directories of 1Mb or more:
doc 1.4Mb
libs 3.6Mb
Flavors: r-release-macos-arm64, r-release-macos-x86_64, r-oldrel-macos-arm64, r-oldrel-macos-x86_64