CRAN Package Check Results for Package AllelicSeries

Last updated on 2025-06-30 15:49:31 CEST.

Flavor Version Tinstall Tcheck Ttotal Status Flags
r-devel-linux-x86_64-debian-clang 0.1.1.5 68.53 83.22 151.75 OK
r-devel-linux-x86_64-debian-gcc 0.1.1.5 48.25 60.88 109.13 OK
r-devel-linux-x86_64-fedora-clang 0.1.1.5 273.47 OK
r-devel-linux-x86_64-fedora-gcc 0.1.1.5 270.35 OK
r-devel-windows-x86_64 0.1.1.5 77.00 130.00 207.00 OK
r-patched-linux-x86_64 OK
r-release-linux-x86_64 0.1.1.5 69.43 80.76 150.19 OK
r-release-macos-arm64 0.1.1.5 76.00 OK
r-release-macos-x86_64 0.1.1.5 152.00 OK
r-release-windows-x86_64 0.1.1.5 78.00 130.00 208.00 OK
r-oldrel-macos-arm64 0.1.1.5 78.00 NOTE
r-oldrel-macos-x86_64 0.1.1.5 140.00 NOTE
r-oldrel-windows-x86_64 0.1.1.5 88.00 153.00 241.00 OK

Check Details

Version: 0.1.1.5
Check: installed package size
Result: NOTE installed size is 5.4Mb sub-directories of 1Mb or more: libs 4.9Mb Flavors: r-oldrel-macos-arm64, r-oldrel-macos-x86_64