Last updated on 2024-05-09 12:49:04 CEST.
Flavor | Version | Tinstall | Tcheck | Ttotal | Status | Flags |
---|---|---|---|---|---|---|
r-devel-linux-x86_64-debian-clang | 2.0.1 | 15.19 | 442.98 | 458.17 | NOTE | |
r-devel-linux-x86_64-debian-gcc | 2.0.1 | 13.11 | 314.86 | 327.97 | NOTE | |
r-devel-linux-x86_64-fedora-clang | 2.0.1 | 561.34 | NOTE | |||
r-devel-linux-x86_64-fedora-gcc | 2.0.1 | 598.94 | NOTE | |||
r-devel-windows-x86_64 | 2.0.1 | 16.00 | 317.00 | 333.00 | OK | |
r-patched-linux-x86_64 | 2.0.1 | 16.99 | 408.79 | 425.78 | NOTE | |
r-release-linux-x86_64 | 2.0.1 | 14.19 | 418.19 | 432.38 | NOTE | |
r-release-macos-arm64 | 2.0.1 | 137.00 | OK | |||
r-release-windows-x86_64 | 2.0.1 | 14.00 | 313.00 | 327.00 | OK | |
r-oldrel-macos-arm64 | 2.0.1 | 149.00 | OK | |||
r-oldrel-macos-x86_64 | 2.0.1 | 256.00 | OK | |||
r-oldrel-windows-x86_64 | 2.0.1 | 18.00 | 412.00 | 430.00 | OK |
Version: 2.0.1
Check: for non-standard things in the check directory
Result: NOTE
Found the following files/directories:
‘table_AeRobiology’
Flavors: r-devel-linux-x86_64-debian-clang, r-devel-linux-x86_64-debian-gcc, r-devel-linux-x86_64-fedora-clang, r-devel-linux-x86_64-fedora-gcc, r-patched-linux-x86_64, r-release-linux-x86_64