Last updated on 2024-05-11 12:47:54 CEST.
Flavor | Version | Tinstall | Tcheck | Ttotal | Status | Flags |
---|---|---|---|---|---|---|
r-devel-linux-x86_64-debian-clang | 0.1.4 | 9.45 | 60.77 | 70.22 | OK | |
r-devel-linux-x86_64-debian-gcc | 0.1.4 | 7.70 | 46.57 | 54.27 | OK | |
r-devel-linux-x86_64-fedora-clang | 0.1.4 | 90.27 | OK | |||
r-devel-linux-x86_64-fedora-gcc | 0.1.4 | 101.92 | OK | |||
r-devel-windows-x86_64 | 0.1.4 | 10.00 | 68.00 | 78.00 | OK | |
r-patched-linux-x86_64 | 0.1.4 | 8.49 | 59.20 | 67.69 | OK | |
r-release-linux-x86_64 | 0.1.4 | 7.41 | 59.79 | 67.20 | OK | |
r-release-macos-arm64 | 0.1.4 | 35.00 | OK | |||
r-release-windows-x86_64 | 0.1.4 | 10.00 | 67.00 | 77.00 | OK | |
r-oldrel-macos-arm64 | 0.1.4 | 37.00 | OK | |||
r-oldrel-macos-x86_64 | 0.1.4 | 49.00 | NOTE | |||
r-oldrel-windows-x86_64 | 0.1.4 | 12.00 | 74.00 | 86.00 | OK |
Version: 0.1.4
Check: package dependencies
Result: NOTE
Package suggested but not available for checking: ‘AICcmodavg’
Flavor: r-oldrel-macos-x86_64