Last updated on 2025-11-04 07:49:47 CET.
| Flavor | Version | Tinstall | Tcheck | Ttotal | Status | Flags | 
|---|---|---|---|---|---|---|
| r-devel-linux-x86_64-debian-clang | 0.1.0 | 106.42 | 134.74 | 241.16 | OK | |
| r-devel-linux-x86_64-debian-gcc | 0.1.0 | 64.39 | 88.27 | 152.66 | OK | |
| r-devel-linux-x86_64-fedora-clang | 0.1.0 | 114.00 | 337.65 | 451.65 | OK | |
| r-devel-linux-x86_64-fedora-gcc | 0.1.0 | 194.00 | 196.50 | 390.50 | OK | |
| r-devel-windows-x86_64 | 0.1.0 | 133.00 | 140.00 | 273.00 | OK | |
| r-patched-linux-x86_64 | 0.1.0 | 98.68 | 123.67 | 222.35 | OK | |
| r-release-linux-x86_64 | 0.1.0 | 99.47 | 116.92 | 216.39 | OK | |
| r-release-macos-arm64 | 0.1.0 | 34.00 | 53.00 | 87.00 | OK | |
| r-release-macos-x86_64 | 0.1.0 | 36.00 | 99.00 | 135.00 | OK | |
| r-release-windows-x86_64 | 0.1.0 | 128.00 | 137.00 | 265.00 | OK | |
| r-oldrel-macos-arm64 | 0.1.0 | 32.00 | 56.00 | 88.00 | OK | |
| r-oldrel-macos-x86_64 | 0.1.0 | 37.00 | 110.00 | 147.00 | OK | |
| r-oldrel-windows-x86_64 | 0.1.0 | 159.00 | 187.00 | 346.00 | ERROR | 
Version: 0.1.0
Check: re-building of vignette outputs
Result: ERROR
  Error(s) in re-building vignettes:
  --- re-building 'ascariasis.Rmd' using rmarkdown
  File figure/asc_plot_mixt-1.png not found in resource path
  Error: processing vignette 'ascariasis.Rmd' failed with diagnostics:
  pandoc document conversion failed with error 99
  --- failed re-building 'ascariasis.Rmd'
  
  --- re-building 'simulation_study.Rmd' using rmarkdown
  File figure/sim_plot_true_data-1.png not found in resource path
  Error: processing vignette 'simulation_study.Rmd' failed with diagnostics:
  pandoc document conversion failed with error 99
  --- failed re-building 'simulation_study.Rmd'
  
  SUMMARY: processing the following files failed:
    'ascariasis.Rmd' 'simulation_study.Rmd'
  
  Error: Vignette re-building failed.
  Execution halted
Flavor: r-oldrel-windows-x86_64