Last updated on 2025-11-04 07:49:46 CET.
| Flavor | Version | Tinstall | Tcheck | Ttotal | Status | Flags | 
|---|---|---|---|---|---|---|
| r-devel-linux-x86_64-debian-clang | 0.0.2 | 10.30 | 84.18 | 94.48 | NOTE | |
| r-devel-linux-x86_64-debian-gcc | 0.0.2 | 6.43 | 61.03 | 67.46 | NOTE | |
| r-devel-linux-x86_64-fedora-clang | 0.0.2 | 24.00 | 122.98 | 146.98 | NOTE | |
| r-devel-linux-x86_64-fedora-gcc | 0.0.2 | 20.00 | 120.69 | 140.69 | NOTE | |
| r-devel-windows-x86_64 | 0.0.2 | 12.00 | 102.00 | 114.00 | NOTE | |
| r-patched-linux-x86_64 | 0.0.2 | 7.78 | 79.10 | 86.88 | NOTE | |
| r-release-linux-x86_64 | 0.0.2 | 9.59 | 79.67 | 89.26 | NOTE | |
| r-release-macos-arm64 | 0.0.2 | 5.00 | 46.00 | 51.00 | NOTE | |
| r-release-macos-x86_64 | 0.0.2 | 8.00 | 76.00 | 84.00 | NOTE | |
| r-release-windows-x86_64 | 0.0.2 | 11.00 | 99.00 | 110.00 | NOTE | |
| r-oldrel-macos-arm64 | 0.0.2 | 5.00 | 45.00 | 50.00 | OK | |
| r-oldrel-macos-x86_64 | 0.0.2 | 7.00 | 63.00 | 70.00 | OK | |
| r-oldrel-windows-x86_64 | 0.0.2 | 16.00 | 131.00 | 147.00 | OK | 
Version: 0.0.2
Check: DESCRIPTION meta-information
Result: NOTE
    Missing dependency on R >= 4.1.0 because package code uses the pipe
    |> or function shorthand \(...) syntax added in R 4.1.0.
    File(s) using such syntax:
      ‘akaike_adjusted_rsq.R’ ‘filter_vif.R’ ‘fit_models.R’
      ‘select_models.R’
Flavors: r-devel-linux-x86_64-debian-clang, r-devel-linux-x86_64-debian-gcc, r-devel-linux-x86_64-fedora-clang, r-devel-linux-x86_64-fedora-gcc, r-devel-windows-x86_64, r-patched-linux-x86_64, r-release-linux-x86_64, r-release-macos-arm64, r-release-macos-x86_64, r-release-windows-x86_64
Version: 0.0.2
Check: Rd cross-references
Result: NOTE
  Found the following Rd file(s) with Rd \link{} targets missing package
  anchors:
    AICc_permanova2.Rd: adonis2
    fit_models.Rd: vegdist, adonis2
  Please provide package anchors for all Rd \link{} targets not in the
  package itself and the base packages.
Flavors: r-devel-linux-x86_64-debian-clang, r-devel-linux-x86_64-debian-gcc, r-devel-windows-x86_64, r-patched-linux-x86_64, r-release-linux-x86_64, r-release-windows-x86_64