Last updated on 2025-11-24 07:49:54 CET.
| Flavor | Version | Tinstall | Tcheck | Ttotal | Status | Flags |
|---|---|---|---|---|---|---|
| r-devel-linux-x86_64-debian-clang | 0.1.0 | 13.51 | 99.29 | 112.80 | NOTE | |
| r-devel-linux-x86_64-debian-gcc | 0.1.0 | 9.78 | 72.57 | 82.35 | NOTE | |
| r-devel-linux-x86_64-fedora-clang | 0.1.0 | 30.00 | 142.67 | 172.67 | NOTE | |
| r-devel-windows-x86_64 | 0.1.0 | 16.00 | 109.00 | 125.00 | NOTE | |
| r-patched-linux-x86_64 | 0.1.0 | 10.31 | 93.15 | 103.46 | NOTE | |
| r-release-linux-x86_64 | 0.1.0 | 11.12 | 92.97 | 104.09 | NOTE | |
| r-release-macos-arm64 | 0.1.0 | NOTE | ||||
| r-release-macos-x86_64 | 0.1.0 | 9.00 | 76.00 | 85.00 | NOTE | |
| r-release-windows-x86_64 | 0.1.0 | 15.00 | 125.00 | 140.00 | NOTE | |
| r-oldrel-macos-arm64 | 0.1.0 | NOTE | ||||
| r-oldrel-macos-x86_64 | 0.1.0 | 8.00 | 59.00 | 67.00 | NOTE | |
| r-oldrel-windows-x86_64 | 0.1.0 | 18.00 | 135.00 | 153.00 | NOTE |
Version: 0.1.0
Check: CRAN incoming feasibility
Result: NOTE
Maintainer: ‘Abdisalam Hassan Muse <abdisalam.h.muse@gmail.com>’
No Authors@R field in DESCRIPTION.
Please add one, modifying
Authors@R: c(person(given = "Authors@R.",
family = "c)",
role = "aut",
comment = "\"aut\", \"ctb\",\"cre\""),
person(family = "person)",
role = "aut",
comment = "\"ctb\""),
person(family = "person)",
role = "aut",
comment = "\"ctb\""),
person(given = "person)",
family = ")",
role = "aut",
comment = "\"ctb\""),
person(given = c("Abdisalam", "Hassan"),
family = "Muse",
role = "cre",
email = "abdisalam.h.muse@gmail.com"))
as necessary.
Flavors: r-devel-linux-x86_64-debian-clang, r-devel-linux-x86_64-debian-gcc
Version: 0.1.0
Check: Rd files
Result: NOTE
checkRd: (-1) AEHMLE.Rd:42-45: Lost braces
42 | \item{basehaz}{: {baseline hazard structure including baseline
| ^
checkRd: (-1) AHMLE.Rd:41-43: Lost braces
41 | \item{basehaz}{: {baseline hazard structure including baseline
| ^
Flavors: r-devel-linux-x86_64-debian-clang, r-devel-linux-x86_64-debian-gcc, r-devel-linux-x86_64-fedora-clang, r-devel-windows-x86_64, r-patched-linux-x86_64, r-release-linux-x86_64, r-release-macos-arm64, r-release-macos-x86_64, r-release-windows-x86_64, r-oldrel-macos-arm64, r-oldrel-macos-x86_64, r-oldrel-windows-x86_64