CRAN Package Check Results for Package AHPhybrid

Last updated on 2025-06-30 15:49:31 CEST.

Flavor Version Tinstall Tcheck Ttotal Status Flags
r-devel-linux-x86_64-debian-clang 0.1.0 1.59 17.93 19.52 OK
r-devel-linux-x86_64-debian-gcc 0.1.0 1.35 14.54 15.89 OK
r-devel-linux-x86_64-fedora-clang 0.1.0 30.02 OK
r-devel-linux-x86_64-fedora-gcc 0.1.0 29.02 OK
r-devel-windows-x86_64 0.1.0 5.00 42.00 47.00 OK
r-patched-linux-x86_64 OK
r-release-linux-x86_64 0.1.0 1.52 16.96 18.48 OK
r-release-macos-arm64 0.1.0 14.00 OK
r-release-macos-x86_64 0.1.0 23.00 OK
r-release-windows-x86_64 0.1.0 3.00 41.00 44.00 OK
r-oldrel-macos-arm64 0.1.0 18.00 NOTE
r-oldrel-macos-x86_64 0.1.0 20.00 NOTE
r-oldrel-windows-x86_64 0.1.0 4.00 41.00 45.00 NOTE

Check Details

Version: 0.1.0
Check: LazyData
Result: NOTE 'LazyData' is specified without a 'data' directory Flavors: r-oldrel-macos-arm64, r-oldrel-macos-x86_64, r-oldrel-windows-x86_64