Last updated on 2025-02-21 13:50:39 CET.
Flavor | Version | Tinstall | Tcheck | Ttotal | Status | Flags |
---|---|---|---|---|---|---|
r-devel-linux-x86_64-debian-clang | 1.9.0 | 81.73 | 213.13 | 294.86 | OK | |
r-devel-linux-x86_64-debian-gcc | 1.9.0 | 57.76 | 118.07 | 175.83 | OK | |
r-devel-linux-x86_64-fedora-clang | 1.9.0 | 561.36 | OK | |||
r-devel-linux-x86_64-fedora-gcc | 1.9.0 | 611.13 | OK | |||
r-devel-macos-arm64 | 1.9.0 | 111.00 | OK | |||
r-devel-macos-x86_64 | 1.9.0 | 244.00 | OK | |||
r-devel-windows-x86_64 | 1.9.0 | 75.00 | 275.00 | 350.00 | OK | |
r-patched-linux-x86_64 | 1.9.0 | 80.78 | 190.52 | 271.30 | OK | |
r-release-linux-x86_64 | 1.9.0 | 83.27 | 192.99 | 276.26 | OK | |
r-release-macos-arm64 | 1.9.0 | 111.00 | NOTE | |||
r-release-macos-x86_64 | 1.9.0 | 193.00 | NOTE | |||
r-release-windows-x86_64 | 1.9.0 | 79.00 | 288.00 | 367.00 | OK | |
r-oldrel-macos-arm64 | 1.9.0 | 116.00 | NOTE | |||
r-oldrel-macos-x86_64 | 1.9.0 | 358.00 | NOTE | |||
r-oldrel-windows-x86_64 | 1.9.0 | 95.00 | 399.00 | 494.00 | OK |
Version: 1.9.0
Check: installed package size
Result: NOTE
installed size is 7.5Mb
sub-directories of 1Mb or more:
doc 1.7Mb
libs 5.4Mb
Flavors: r-release-macos-arm64, r-release-macos-x86_64, r-oldrel-macos-arm64, r-oldrel-macos-x86_64