Last updated on 2024-05-30 12:49:35 CEST.
Flavor | Version | Tinstall | Tcheck | Ttotal | Status | Flags |
---|---|---|---|---|---|---|
r-devel-linux-x86_64-debian-clang | 0.4.0 | 32.21 | 24.05 | 56.26 | NOTE | |
r-devel-linux-x86_64-debian-gcc | 0.4.0 | 20.52 | 18.65 | 39.17 | NOTE | |
r-devel-linux-x86_64-fedora-clang | 0.4.0 | 75.45 | NOTE | |||
r-devel-linux-x86_64-fedora-gcc | 0.4.0 | 74.79 | NOTE | |||
r-devel-windows-x86_64 | 0.4.0 | 26.00 | 60.00 | 86.00 | NOTE | |
r-patched-linux-x86_64 | 0.4.0 | 25.65 | 23.15 | 48.80 | OK | |
r-release-linux-x86_64 | 0.4.0 | 27.49 | 22.39 | 49.88 | OK | |
r-release-macos-arm64 | 0.4.0 | 22.00 | OK | |||
r-release-windows-x86_64 | 0.4.0 | 30.00 | 57.00 | 87.00 | OK | |
r-oldrel-macos-arm64 | 0.4.0 | 24.00 | OK | |||
r-oldrel-macos-x86_64 | 0.4.0 | 52.00 | OK | |||
r-oldrel-windows-x86_64 | 0.4.0 | 36.00 | 69.00 | 105.00 | OK |
Version: 0.4.0
Check: compiled code
Result: NOTE
File ‘tzdb/libs/tzdb.so’:
Found non-API calls to R: ‘SETLENGTH’, ‘SET_TRUELENGTH’
Compiled code should not call non-API entry points in R.
See ‘Writing portable packages’ in the ‘Writing R Extensions’ manual.
Flavors: r-devel-linux-x86_64-debian-clang, r-devel-linux-x86_64-debian-gcc, r-devel-linux-x86_64-fedora-clang, r-devel-linux-x86_64-fedora-gcc
Version: 0.4.0
Check: compiled code
Result: NOTE
File 'tzdb/libs/x64/tzdb.dll':
Found non-API calls to R: 'SETLENGTH', 'SET_TRUELENGTH'
Compiled code should not call non-API entry points in R.
See 'Writing portable packages' in the 'Writing R Extensions' manual.
Flavor: r-devel-windows-x86_64