Last updated on 2024-05-30 12:49:25 CEST.
Flavor | Version | Tinstall | Tcheck | Ttotal | Status | Flags |
---|---|---|---|---|---|---|
r-devel-linux-x86_64-debian-clang | 1.2.0 | 20.81 | 316.62 | 337.43 | NOTE | |
r-devel-linux-x86_64-debian-gcc | 1.2.0 | 14.58 | 254.66 | 269.24 | NOTE | |
r-devel-linux-x86_64-fedora-clang | 1.2.0 | 520.39 | NOTE | |||
r-devel-linux-x86_64-fedora-gcc | 1.2.0 | 479.34 | NOTE | |||
r-devel-windows-x86_64 | 1.2.0 | 20.00 | 237.00 | 257.00 | NOTE | |
r-patched-linux-x86_64 | 1.2.0 | 20.51 | 350.92 | 371.43 | NOTE | |
r-release-linux-x86_64 | 1.2.0 | 18.64 | 352.23 | 370.87 | NOTE | |
r-release-macos-arm64 | 1.2.0 | 110.00 | NOTE | |||
r-release-windows-x86_64 | 1.2.0 | 22.00 | 238.00 | 260.00 | NOTE | |
r-oldrel-macos-arm64 | 1.2.0 | 134.00 | NOTE | |||
r-oldrel-macos-x86_64 | 1.2.0 | 223.00 | NOTE | |||
r-oldrel-windows-x86_64 | 1.2.0 | 25.00 | 324.00 | 349.00 | NOTE |
Version: 1.2.0
Check: C++ specification
Result: NOTE
Specified C++11: please drop specification unless essential
Flavors: r-devel-linux-x86_64-debian-clang, r-devel-linux-x86_64-debian-gcc, r-devel-linux-x86_64-fedora-clang, r-devel-linux-x86_64-fedora-gcc, r-devel-windows-x86_64, r-patched-linux-x86_64, r-release-linux-x86_64, r-release-macos-arm64, r-release-windows-x86_64, r-oldrel-macos-arm64, r-oldrel-macos-x86_64, r-oldrel-windows-x86_64