Last updated on 2024-05-09 12:49:17 CEST.
Flavor | Version | Tinstall | Tcheck | Ttotal | Status | Flags |
---|---|---|---|---|---|---|
r-devel-linux-x86_64-debian-clang | 3.5.4 | 264.19 | 311.78 | 575.97 | OK | |
r-devel-linux-x86_64-debian-gcc | 3.5.4 | 198.45 | 218.03 | 416.48 | OK | |
r-devel-linux-x86_64-fedora-clang | 3.5.4 | 827.45 | OK | |||
r-devel-linux-x86_64-fedora-gcc | 3.5.4 | 868.19 | OK | |||
r-devel-windows-x86_64 | 3.5.4 | 202.00 | 259.00 | 461.00 | OK | |
r-patched-linux-x86_64 | 3.5.4 | 245.14 | 296.93 | 542.07 | OK | |
r-release-linux-x86_64 | 3.5.4 | 233.94 | 301.04 | 534.98 | OK | |
r-release-macos-arm64 | 3.5.4 | 149.00 | NOTE | |||
r-release-macos-x86_64 | 3.5.4 | 341.00 | NOTE | |||
r-release-windows-x86_64 | 3.5.4 | 206.00 | 263.00 | 469.00 | OK | |
r-oldrel-macos-arm64 | 3.5.4 | 231.00 | NOTE | |||
r-oldrel-macos-x86_64 | 3.5.4 | 331.00 | NOTE | |||
r-oldrel-windows-x86_64 | 3.5.4 | 246.00 | 322.00 | 568.00 | OK |
Version: 3.5.4
Check: installed package size
Result: NOTE
installed size is 9.8Mb
sub-directories of 1Mb or more:
libs 8.2Mb
Flavors: r-release-macos-arm64, r-release-macos-x86_64, r-oldrel-macos-arm64, r-oldrel-macos-x86_64