Last updated on 2024-05-11 12:48:05 CEST.
Flavor | Version | Tinstall | Tcheck | Ttotal | Status | Flags |
---|---|---|---|---|---|---|
r-devel-linux-x86_64-debian-clang | 0.3.5 | 270.59 | 72.57 | 343.16 | NOTE | |
r-devel-linux-x86_64-debian-gcc | 0.3.5 | 239.69 | 54.17 | 293.86 | NOTE | |
r-devel-linux-x86_64-fedora-clang | 0.3.5 | 444.97 | NOTE | |||
r-devel-linux-x86_64-fedora-gcc | 0.3.5 | 651.01 | NOTE | |||
r-devel-windows-x86_64 | 0.3.5 | 219.00 | 121.00 | 340.00 | NOTE | |
r-patched-linux-x86_64 | 0.3.5 | 294.33 | 70.52 | 364.85 | NOTE | |
r-release-linux-x86_64 | 0.3.5 | 298.02 | 69.11 | 367.13 | NOTE | |
r-release-macos-arm64 | 0.3.5 | 114.00 | NOTE | |||
r-release-macos-x86_64 | 0.3.5 | 147.00 | NOTE | |||
r-release-windows-x86_64 | 0.3.5 | 213.00 | 114.00 | 327.00 | NOTE | |
r-oldrel-macos-arm64 | 0.3.5 | 130.00 | NOTE | |||
r-oldrel-macos-x86_64 | 0.3.5 | 127.00 | NOTE | |||
r-oldrel-windows-x86_64 | 0.3.5 | 258.00 | 130.00 | 388.00 | NOTE |
Version: 0.3.5
Check: C++ specification
Result: NOTE
Specified C++14: please drop specification unless essential
Flavors: r-devel-linux-x86_64-debian-clang, r-devel-linux-x86_64-debian-gcc, r-devel-linux-x86_64-fedora-clang, r-devel-linux-x86_64-fedora-gcc, r-devel-windows-x86_64, r-patched-linux-x86_64, r-release-linux-x86_64, r-release-macos-arm64, r-release-macos-x86_64, r-release-windows-x86_64, r-oldrel-macos-arm64, r-oldrel-macos-x86_64, r-oldrel-windows-x86_64
Version: 0.3.5
Check: installed package size
Result: NOTE
installed size is 9.3Mb
sub-directories of 1Mb or more:
data 1.3Mb
doc 1.6Mb
htmlwidgets 3.6Mb
libs 2.4Mb
Flavors: r-devel-linux-x86_64-fedora-clang, r-devel-windows-x86_64, r-release-macos-arm64, r-release-macos-x86_64, r-release-windows-x86_64, r-oldrel-macos-arm64, r-oldrel-macos-x86_64, r-oldrel-windows-x86_64