Last updated on 2024-05-12 13:56:54 CEST.
Flavor | Version | Tinstall | Tcheck | Ttotal | Status | Flags |
---|---|---|---|---|---|---|
r-devel-linux-x86_64-debian-clang | 0.2-14 | 110.57 | 62.61 | 173.18 | OK | |
r-devel-linux-x86_64-debian-gcc | 0.2-14 | 92.85 | 46.39 | 139.24 | OK | |
r-devel-linux-x86_64-fedora-clang | 0.2-14 | 224.44 | OK | |||
r-devel-linux-x86_64-fedora-gcc | 0.2-14 | 323.05 | OK | |||
r-devel-windows-x86_64 | 0.2-14 | 105.00 | 219.00 | 324.00 | NOTE | |
r-patched-linux-x86_64 | 0.2-14 | 114.71 | 59.40 | 174.11 | OK | |
r-release-linux-x86_64 | 0.2-14 | 121.55 | 59.45 | 181.00 | OK | |
r-release-macos-arm64 | 0.2-14 | 59.00 | NOTE | |||
r-release-macos-x86_64 | 0.2-14 | 121.00 | NOTE | |||
r-release-windows-x86_64 | 0.2-14 | 102.00 | 225.00 | 327.00 | NOTE | |
r-oldrel-macos-arm64 | 0.2-14 | 69.00 | NOTE | |||
r-oldrel-macos-x86_64 | 0.2-14 | 105.00 | NOTE | |||
r-oldrel-windows-x86_64 | 0.2-14 | 128.00 | 268.00 | 396.00 | NOTE |
Version: 0.2-14
Check: installed package size
Result: NOTE
installed size is 30.6Mb
sub-directories of 1Mb or more:
gdal 3.0Mb
libs 19.0Mb
proj 8.4Mb
Flavors: r-devel-windows-x86_64, r-release-macos-arm64, r-release-macos-x86_64, r-release-windows-x86_64, r-oldrel-macos-arm64, r-oldrel-macos-x86_64, r-oldrel-windows-x86_64