Last updated on 2024-05-25 12:48:04 CEST.
Flavor | Version | Tinstall | Tcheck | Ttotal | Status | Flags |
---|---|---|---|---|---|---|
r-devel-linux-x86_64-debian-clang | 1.1 | 8.58 | 81.13 | 89.71 | NOTE | |
r-devel-linux-x86_64-debian-gcc | 1.1 | 6.87 | 60.08 | 66.95 | NOTE | |
r-devel-linux-x86_64-fedora-clang | 1.1 | 107.02 | NOTE | |||
r-devel-linux-x86_64-fedora-gcc | 1.1 | 109.76 | NOTE | |||
r-devel-windows-x86_64 | 1.1 | 8.00 | 80.00 | 88.00 | NOTE | |
r-patched-linux-x86_64 | 1.1 | 8.16 | 77.77 | 85.93 | NOTE | |
r-release-linux-x86_64 | 1.1 | 6.72 | 77.19 | 83.91 | NOTE | |
r-release-macos-arm64 | 1.1 | 34.00 | NOTE | |||
r-release-windows-x86_64 | 1.1 | 9.00 | 892.00 | 901.00 | NOTE | |
r-oldrel-macos-arm64 | 1.1 | 39.00 | NOTE | |||
r-oldrel-macos-x86_64 | 1.1 | 63.00 | NOTE | |||
r-oldrel-windows-x86_64 | 1.1 | 10.00 | 86.00 | 96.00 | NOTE |
Version: 1.1
Check: LazyData
Result: NOTE
'LazyData' is specified without a 'data' directory
Flavors: r-devel-linux-x86_64-debian-clang, r-devel-linux-x86_64-debian-gcc, r-devel-linux-x86_64-fedora-clang, r-devel-linux-x86_64-fedora-gcc, r-devel-windows-x86_64, r-patched-linux-x86_64, r-release-linux-x86_64, r-release-macos-arm64, r-release-windows-x86_64, r-oldrel-macos-arm64, r-oldrel-macos-x86_64, r-oldrel-windows-x86_64