Last updated on 2024-05-09 12:49:12 CEST.
Flavor | Version | Tinstall | Tcheck | Ttotal | Status | Flags |
---|---|---|---|---|---|---|
r-devel-linux-x86_64-debian-clang | 0.7.0 | 436.47 | 174.54 | 611.01 | OK | |
r-devel-linux-x86_64-debian-gcc | 0.7.0 | 386.98 | 128.88 | 515.86 | OK | |
r-devel-linux-x86_64-fedora-clang | 0.7.0 | 827.05 | NOTE | |||
r-devel-linux-x86_64-fedora-gcc | 0.7.0 | 1136.35 | OK | |||
r-devel-windows-x86_64 | 0.7.0 | 331.00 | 726.00 | 1057.00 | NOTE | |
r-patched-linux-x86_64 | 0.7.0 | 460.02 | 166.96 | 626.98 | OK | |
r-release-linux-x86_64 | 0.7.0 | 472.34 | 162.24 | 634.58 | OK | |
r-release-macos-arm64 | 0.7.0 | 204.00 | NOTE | |||
r-release-macos-x86_64 | 0.7.0 | 390.00 | NOTE | |||
r-release-windows-x86_64 | 0.7.0 | 338.00 | 667.00 | 1005.00 | NOTE | |
r-oldrel-macos-arm64 | 0.7.0 | 263.00 | NOTE | |||
r-oldrel-macos-x86_64 | 0.7.0 | 392.00 | NOTE | |||
r-oldrel-windows-x86_64 | 0.7.0 | 329.00 | 872.00 | 1201.00 | NOTE |
Version: 0.7.0
Check: installed package size
Result: NOTE
installed size is 7.2Mb
sub-directories of 1Mb or more:
L8NY18 2.3Mb
libs 3.6Mb
Flavors: r-devel-linux-x86_64-fedora-clang, r-devel-windows-x86_64, r-release-macos-arm64, r-release-macos-x86_64, r-release-windows-x86_64, r-oldrel-macos-arm64, r-oldrel-macos-x86_64, r-oldrel-windows-x86_64