Last updated on 2024-05-30 12:49:17 CEST.
Flavor | Version | Tinstall | Tcheck | Ttotal | Status | Flags |
---|---|---|---|---|---|---|
r-devel-linux-x86_64-debian-clang | 1.1 | 7.51 | 77.85 | 85.36 | NOTE | |
r-devel-linux-x86_64-debian-gcc | 1.1 | 5.94 | 58.06 | 64.00 | NOTE | |
r-devel-linux-x86_64-fedora-clang | 1.1 | 106.12 | NOTE | |||
r-devel-linux-x86_64-fedora-gcc | 1.1 | 100.59 | NOTE | |||
r-devel-windows-x86_64 | 1.1 | 9.00 | 69.00 | 78.00 | NOTE | |
r-patched-linux-x86_64 | 1.1 | 8.81 | 73.41 | 82.22 | NOTE | |
r-release-linux-x86_64 | 1.1 | 6.86 | 75.64 | 82.50 | NOTE | |
r-release-macos-arm64 | 1.1 | 35.00 | NOTE | |||
r-release-windows-x86_64 | 1.1 | 9.00 | 69.00 | 78.00 | NOTE | |
r-oldrel-macos-arm64 | 1.1 | 33.00 | NOTE | |||
r-oldrel-macos-x86_64 | 1.1 | 55.00 | NOTE | |||
r-oldrel-windows-x86_64 | 1.1 | 11.00 | 81.00 | 92.00 | NOTE |
Version: 1.1
Check: LazyData
Result: NOTE
'LazyData' is specified without a 'data' directory
Flavors: r-devel-linux-x86_64-debian-clang, r-devel-linux-x86_64-debian-gcc, r-devel-linux-x86_64-fedora-clang, r-devel-linux-x86_64-fedora-gcc, r-devel-windows-x86_64, r-patched-linux-x86_64, r-release-linux-x86_64, r-release-macos-arm64, r-release-windows-x86_64, r-oldrel-macos-arm64, r-oldrel-macos-x86_64, r-oldrel-windows-x86_64