Last updated on 2024-05-23 12:48:24 CEST.
Flavor | Version | Tinstall | Tcheck | Ttotal | Status | Flags |
---|---|---|---|---|---|---|
r-devel-linux-x86_64-debian-clang | 0.0.2 | 6.27 | 116.84 | 123.11 | OK | |
r-devel-linux-x86_64-debian-gcc | 0.0.2 | 4.22 | 87.06 | 91.28 | OK | |
r-devel-linux-x86_64-fedora-clang | 0.0.2 | 161.22 | NOTE | |||
r-devel-linux-x86_64-fedora-gcc | 0.0.2 | 164.01 | NOTE | |||
r-devel-windows-x86_64 | 0.0.2 | 6.00 | 104.00 | 110.00 | OK | |
r-patched-linux-x86_64 | 0.0.2 | 5.19 | 114.17 | 119.36 | OK | |
r-release-linux-x86_64 | 0.0.2 | 5.72 | 113.14 | 118.86 | OK | |
r-release-macos-arm64 | 0.0.2 | 49.00 | OK | |||
r-release-windows-x86_64 | 0.0.2 | 7.00 | 109.00 | 116.00 | OK | |
r-oldrel-macos-arm64 | 0.0.2 | 50.00 | OK | |||
r-oldrel-macos-x86_64 | 0.0.2 | 94.00 | OK | |||
r-oldrel-windows-x86_64 | 0.0.2 | 8.00 | 132.00 | 140.00 | OK |
Version: 0.0.2
Check: data for non-ASCII characters
Result: NOTE
Note: found 2 marked UTF-8 strings
Flavors: r-devel-linux-x86_64-fedora-clang, r-devel-linux-x86_64-fedora-gcc