Last updated on 2024-05-11 12:47:54 CEST.
Flavor | Version | Tinstall | Tcheck | Ttotal | Status | Flags |
---|---|---|---|---|---|---|
r-devel-linux-x86_64-debian-clang | 1.1.3 | 24.42 | 98.59 | 123.01 | NOTE | |
r-devel-linux-x86_64-debian-gcc | 1.1.3 | 15.13 | 72.63 | 87.76 | NOTE | |
r-devel-linux-x86_64-fedora-clang | 1.1.3 | 155.20 | NOTE | |||
r-devel-linux-x86_64-fedora-gcc | 1.1.3 | 218.89 | NOTE | |||
r-devel-windows-x86_64 | 1.1.3 | 21.00 | 113.00 | 134.00 | NOTE | |
r-patched-linux-x86_64 | 1.1.3 | 21.80 | 93.87 | 115.67 | NOTE | |
r-release-linux-x86_64 | 1.1.3 | 18.65 | 93.43 | 112.08 | NOTE | |
r-release-macos-arm64 | 1.1.3 | 50.00 | NOTE | |||
r-release-windows-x86_64 | 1.1.3 | 22.00 | 115.00 | 137.00 | NOTE | |
r-oldrel-macos-arm64 | 1.1.3 | 55.00 | OK | |||
r-oldrel-macos-x86_64 | 1.1.3 | 84.00 | OK | |||
r-oldrel-windows-x86_64 | 1.1.3 | 25.00 | 127.00 | 152.00 | OK |
Version: 1.1.3
Check: Rd files
Result: NOTE
checkRd: (-1) plotDistributions.Rd:32: Lost braces
32 | plot{...} functions are generated programmatically so the function calls in
| ^
Flavors: r-devel-linux-x86_64-debian-clang, r-devel-linux-x86_64-debian-gcc, r-devel-linux-x86_64-fedora-clang, r-devel-linux-x86_64-fedora-gcc, r-devel-windows-x86_64, r-patched-linux-x86_64, r-release-linux-x86_64, r-release-macos-arm64, r-release-windows-x86_64