Last updated on 2024-05-12 13:56:42 CEST.
Flavor | Version | Tinstall | Tcheck | Ttotal | Status | Flags |
---|---|---|---|---|---|---|
r-devel-linux-x86_64-debian-clang | 5.8 | 77.47 | 307.63 | 385.10 | OK | |
r-devel-linux-x86_64-debian-gcc | 5.8 | 57.81 | 214.07 | 271.88 | OK | |
r-devel-linux-x86_64-fedora-clang | 5.8 | 460.37 | OK | |||
r-devel-linux-x86_64-fedora-gcc | 5.8 | 514.40 | OK | |||
r-devel-windows-x86_64 | 5.8 | 70.00 | 310.00 | 380.00 | OK | |
r-patched-linux-x86_64 | 5.8 | 79.95 | 286.09 | 366.04 | OK | |
r-release-linux-x86_64 | 5.8 | 68.43 | 283.98 | 352.41 | OK | |
r-release-macos-arm64 | 5.8 | 130.00 | NOTE | |||
r-release-macos-x86_64 | 5.8 | 381.00 | NOTE | |||
r-release-windows-x86_64 | 5.8 | 70.00 | 306.00 | 376.00 | OK | |
r-oldrel-macos-arm64 | 5.8 | 129.00 | NOTE | |||
r-oldrel-macos-x86_64 | 5.8 | 349.00 | NOTE | |||
r-oldrel-windows-x86_64 | 5.8 | 84.00 | 362.00 | 446.00 | OK |
Version: 5.8
Check: installed package size
Result: NOTE
installed size is 5.9Mb
sub-directories of 1Mb or more:
R 2.0Mb
doc 1.2Mb
libs 1.6Mb
Flavors: r-release-macos-arm64, r-release-macos-x86_64, r-oldrel-macos-arm64, r-oldrel-macos-x86_64