Last updated on 2024-05-11 12:47:54 CEST.
Flavor | Version | Tinstall | Tcheck | Ttotal | Status | Flags |
---|---|---|---|---|---|---|
r-devel-linux-x86_64-debian-clang | 0.8-19 | 11.02 | 36.47 | 47.49 | OK | |
r-devel-linux-x86_64-debian-gcc | 0.8-19 | 8.84 | 29.43 | 38.27 | OK | |
r-devel-linux-x86_64-fedora-clang | 0.8-19 | 63.66 | OK | |||
r-devel-linux-x86_64-fedora-gcc | 0.8-19 | 83.25 | OK | |||
r-devel-windows-x86_64 | 0.8-19 | 13.00 | 71.00 | 84.00 | OK | |
r-patched-linux-x86_64 | 0.8-19 | 13.19 | 36.10 | 49.29 | OK | |
r-release-linux-x86_64 | 0.8-19 | 13.42 | 36.33 | 49.75 | OK | |
r-release-macos-arm64 | 0.8-19 | 29.00 | OK | |||
r-release-windows-x86_64 | 0.8-19 | 14.00 | 69.00 | 83.00 | OK | |
r-oldrel-macos-arm64 | 0.8-19 | 30.00 | OK | |||
r-oldrel-macos-x86_64 | 0.8-19 | 37.00 | NOTE | |||
r-oldrel-windows-x86_64 | 0.8-19 | 17.00 | 68.00 | 85.00 | OK |
Version: 0.8-19
Check: package dependencies
Result: NOTE
Package suggested but not available for checking: ‘Biobase’
Flavor: r-oldrel-macos-x86_64