Last updated on 2024-05-11 12:48:20 CEST.
Flavor | Version | Tinstall | Tcheck | Ttotal | Status | Flags |
---|---|---|---|---|---|---|
r-devel-linux-x86_64-debian-clang | 1.1-10 | 117.69 | 745.60 | 863.29 | OK | |
r-devel-linux-x86_64-debian-gcc | 1.1-10 | 86.18 | 502.87 | 589.05 | OK | |
r-devel-linux-x86_64-fedora-clang | 1.1-10 | 1036.60 | NOTE | |||
r-devel-linux-x86_64-fedora-gcc | 1.1-10 | 1012.30 | OK | |||
r-devel-windows-x86_64 | 1.1-10 | 102.00 | 619.00 | 721.00 | NOTE | |
r-patched-linux-x86_64 | 1.1-10 | 151.28 | 700.50 | 851.78 | OK | |
r-release-linux-x86_64 | 1.1-10 | 111.92 | 686.93 | 798.85 | OK | |
r-release-macos-arm64 | 1.1-10 | 196.00 | NOTE | |||
r-release-macos-x86_64 | 1.1-10 | 638.00 | NOTE | |||
r-release-windows-x86_64 | 1.1-10 | 104.00 | 626.00 | 730.00 | NOTE | |
r-oldrel-macos-arm64 | 1.1-10 | 216.00 | NOTE | |||
r-oldrel-macos-x86_64 | 1.1-10 | 601.00 | NOTE | |||
r-oldrel-windows-x86_64 | 1.1-10 | 123.00 | 776.00 | 899.00 | NOTE |
Version: 1.1-10
Check: installed package size
Result: NOTE
installed size is 8.2Mb
sub-directories of 1Mb or more:
R 4.2Mb
help 3.2Mb
Flavors: r-devel-linux-x86_64-fedora-clang, r-devel-windows-x86_64, r-release-macos-arm64, r-release-macos-x86_64, r-release-windows-x86_64, r-oldrel-macos-arm64, r-oldrel-macos-x86_64, r-oldrel-windows-x86_64