CRAN Package Check Results for Package ScoreEB

Last updated on 2025-10-16 09:50:24 CEST.

Flavor Version Tinstall Tcheck Ttotal Status Flags
r-devel-linux-x86_64-debian-clang 0.1.1 2.56 24.65 27.21 NOTE
r-devel-linux-x86_64-debian-gcc 0.1.1 1.78 20.02 21.80 NOTE
r-devel-linux-x86_64-fedora-clang 0.1.1 39.91 OK
r-devel-linux-x86_64-fedora-gcc 0.1.1 37.27 OK
r-devel-windows-x86_64 0.1.1 5.00 42.00 47.00 OK
r-patched-linux-x86_64 0.1.1 2.57 22.93 25.50 OK
r-release-linux-x86_64 0.1.1 2.41 23.38 25.79 OK
r-release-macos-arm64 0.1.1 25.00 OK
r-release-macos-x86_64 0.1.1 27.00 OK
r-release-windows-x86_64 0.1.1 4.00 43.00 47.00 OK
r-oldrel-macos-arm64 0.1.1 16.00 OK
r-oldrel-macos-x86_64 0.1.1 29.00 OK
r-oldrel-windows-x86_64 0.1.1 5.00 47.00 52.00 OK

Check Details

Version: 0.1.1
Check: CRAN incoming feasibility
Result: NOTE Maintainer: ‘Wenlong Ren <wenlongren@ntu.edu.cn>’ No Authors@R field in DESCRIPTION. Please add one, modifying Authors@R: person(given = "Wenlong", family = "Ren", role = c("aut", "cre"), email = "wenlongren@ntu.edu.cn") as necessary. Flavors: r-devel-linux-x86_64-debian-clang, r-devel-linux-x86_64-debian-gcc