Last updated on 2024-05-12 13:56:58 CEST.
Flavor | Version | Tinstall | Tcheck | Ttotal | Status | Flags |
---|---|---|---|---|---|---|
r-devel-linux-x86_64-debian-clang | 1.5 | 12.89 | 62.66 | 75.55 | NOTE | |
r-devel-linux-x86_64-debian-gcc | 1.5 | 9.45 | 43.17 | 52.62 | NOTE | |
r-devel-linux-x86_64-fedora-clang | 1.5 | 88.22 | NOTE | |||
r-devel-linux-x86_64-fedora-gcc | 1.5 | 84.26 | NOTE | |||
r-devel-windows-x86_64 | 1.5 | 10.00 | 57.00 | 67.00 | NOTE | |
r-patched-linux-x86_64 | 1.5 | 12.84 | 57.65 | 70.49 | NOTE | |
r-release-linux-x86_64 | 1.5 | 12.10 | 55.85 | 67.95 | NOTE | |
r-release-macos-arm64 | 1.5 | 23.00 | NOTE | |||
r-release-windows-x86_64 | 1.5 | 11.00 | 59.00 | 70.00 | NOTE | |
r-oldrel-macos-arm64 | 1.5 | 25.00 | NOTE | |||
r-oldrel-macos-x86_64 | 1.5 | 39.00 | NOTE | |||
r-oldrel-windows-x86_64 | 1.5 | 13.00 | 65.00 | 78.00 | NOTE |
Version: 1.5
Check: LazyData
Result: NOTE
'LazyData' is specified without a 'data' directory
Flavors: r-devel-linux-x86_64-debian-clang, r-devel-linux-x86_64-debian-gcc, r-devel-linux-x86_64-fedora-clang, r-devel-linux-x86_64-fedora-gcc, r-devel-windows-x86_64, r-patched-linux-x86_64, r-release-linux-x86_64, r-release-macos-arm64, r-release-windows-x86_64, r-oldrel-macos-arm64, r-oldrel-macos-x86_64, r-oldrel-windows-x86_64