Last updated on 2024-05-09 12:49:19 CEST.
Flavor | Version | Tinstall | Tcheck | Ttotal | Status | Flags |
---|---|---|---|---|---|---|
r-devel-linux-x86_64-debian-clang | 0.10.2 | 21.82 | 352.79 | 374.61 | NOTE | |
r-devel-linux-x86_64-debian-gcc | 0.10.2 | 12.82 | 255.87 | 268.69 | NOTE | |
r-devel-linux-x86_64-fedora-clang | 0.10.2 | 457.24 | NOTE | |||
r-devel-linux-x86_64-fedora-gcc | 0.10.2 | 501.46 | NOTE | |||
r-devel-windows-x86_64 | 0.10.2 | 18.00 | 268.00 | 286.00 | NOTE | |
r-patched-linux-x86_64 | 0.10.2 | 15.22 | 332.31 | 347.53 | NOTE | |
r-release-linux-x86_64 | 0.10.2 | 10.80 | 335.89 | 346.69 | NOTE | |
r-release-macos-arm64 | 0.10.2 | 121.00 | NOTE | |||
r-release-windows-x86_64 | 0.10.2 | 18.00 | 276.00 | 294.00 | NOTE | |
r-oldrel-macos-arm64 | 0.10.2 | 148.00 | OK | |||
r-oldrel-macos-x86_64 | 0.10.2 | 255.00 | OK | |||
r-oldrel-windows-x86_64 | 0.10.2 | 22.00 | 333.00 | 355.00 | OK |
Version: 0.10.2
Check: Rd files
Result: NOTE
checkRd: (-1) cov_holder.Rd:29: Lost braces in \itemize; meant \describe ?
checkRd: (-1) cov_holder.Rd:30: Lost braces in \itemize; meant \describe ?
checkRd: (-1) cov_holder.Rd:31: Lost braces in \itemize; meant \describe ?
checkRd: (-1) cov_holder.Rd:32: Lost braces in \itemize; meant \describe ?
checkRd: (-1) cov_holder.Rd:33: Lost braces in \itemize; meant \describe ?
checkRd: (-1) pk.calc.sparse_auc.Rd:49: Lost braces in \itemize; meant \describe ?
checkRd: (-1) pk.calc.sparse_auc.Rd:50: Lost braces in \itemize; meant \describe ?
checkRd: (-1) pk.calc.sparse_auc.Rd:51: Lost braces in \itemize; meant \describe ?
checkRd: (-1) sparse_auc_weight_linear.Rd:28: Lost braces in \itemize; meant \describe ?
checkRd: (-1) sparse_auc_weight_linear.Rd:29: Lost braces in \itemize; meant \describe ?
checkRd: (-1) sparse_auc_weight_linear.Rd:30: Lost braces in \itemize; meant \describe ?
checkRd: (-1) sparse_mean.Rd:29: Lost braces in \itemize; meant \describe ?
checkRd: (-1) sparse_mean.Rd:30: Lost braces in \itemize; meant \describe ?
checkRd: (-1) time_calc.Rd:19: Lost braces in \itemize; \value handles \item{}{} directly
checkRd: (-1) time_calc.Rd:20: Lost braces in \itemize; \value handles \item{}{} directly
checkRd: (-1) time_calc.Rd:21: Lost braces in \itemize; \value handles \item{}{} directly
checkRd: (-1) time_calc.Rd:22: Lost braces in \itemize; \value handles \item{}{} directly
checkRd: (-1) time_calc.Rd:23: Lost braces in \itemize; \value handles \item{}{} directly
Flavors: r-devel-linux-x86_64-debian-clang, r-devel-linux-x86_64-debian-gcc, r-devel-linux-x86_64-fedora-clang, r-devel-linux-x86_64-fedora-gcc, r-devel-windows-x86_64, r-patched-linux-x86_64, r-release-linux-x86_64, r-release-macos-arm64, r-release-windows-x86_64