Last updated on 2024-05-30 12:49:16 CEST.
Flavor | Version | Tinstall | Tcheck | Ttotal | Status | Flags |
---|---|---|---|---|---|---|
r-devel-linux-x86_64-debian-clang | 0.1.0 | 48.70 | 418.89 | 467.59 | OK | |
r-devel-linux-x86_64-debian-gcc | 0.1.0 | 42.57 | 315.79 | 358.36 | OK | |
r-devel-linux-x86_64-fedora-clang | 0.1.0 | 633.74 | OK | |||
r-devel-linux-x86_64-fedora-gcc | 0.1.0 | 603.59 | OK | |||
r-devel-windows-x86_64 | 0.1.0 | 44.00 | 271.00 | 315.00 | OK | |
r-patched-linux-x86_64 | 0.1.0 | 36.00 | 404.44 | 440.44 | OK | |
r-release-linux-x86_64 | 0.1.0 | 34.19 | 404.90 | 439.09 | OK | |
r-release-macos-arm64 | 0.1.0 | 152.00 | OK | |||
r-release-macos-x86_64 | 0.1.0 | 473.00 | OK | |||
r-release-windows-x86_64 | 0.1.0 | 43.00 | 277.00 | 320.00 | OK | |
r-oldrel-macos-arm64 | 0.1.0 | 11.00 | ERROR | |||
r-oldrel-macos-x86_64 | 0.1.0 | 12.00 | ERROR | |||
r-oldrel-windows-x86_64 | 0.1.0 | 60.00 | 383.00 | 443.00 | OK |
Version: 0.1.0
Check: package dependencies
Result: ERROR
Package required but not available: ‘dada2’
See section ‘The DESCRIPTION file’ in the ‘Writing R Extensions’
manual.
Flavors: r-oldrel-macos-arm64, r-oldrel-macos-x86_64