Last updated on 2024-05-30 12:49:16 CEST.
Flavor | Version | Tinstall | Tcheck | Ttotal | Status | Flags |
---|---|---|---|---|---|---|
r-devel-linux-x86_64-debian-clang | 2.1.14 | 5.68 | 73.52 | 79.20 | NOTE | |
r-devel-linux-x86_64-debian-gcc | 2.1.14 | 3.96 | 54.64 | 58.60 | NOTE | |
r-devel-linux-x86_64-fedora-clang | 2.1.14 | 97.42 | NOTE | |||
r-devel-linux-x86_64-fedora-gcc | 2.1.14 | 121.16 | NOTE | |||
r-devel-windows-x86_64 | 2.1.14 | 6.00 | 97.00 | 103.00 | NOTE | |
r-patched-linux-x86_64 | 2.1.14 | 7.46 | 69.14 | 76.60 | NOTE | |
r-release-linux-x86_64 | 2.1.14 | 5.00 | 69.17 | 74.17 | NOTE | |
r-release-macos-arm64 | 2.1.14 | 53.00 | NOTE | |||
r-release-windows-x86_64 | 2.1.14 | 6.00 | 97.00 | 103.00 | NOTE | |
r-oldrel-macos-arm64 | 2.1.14 | 49.00 | OK | |||
r-oldrel-macos-x86_64 | 2.1.14 | 90.00 | OK | |||
r-oldrel-windows-x86_64 | 2.1.14 | 7.00 | 105.00 | 112.00 | OK |
Version: 2.1.14
Check: Rd files
Result: NOTE
checkRd: (-1) D4TAlinkTask.Rd:13: Lost braces in \itemize; meant \describe ?
checkRd: (-1) D4TAlinkTask.Rd:14: Lost braces in \itemize; meant \describe ?
checkRd: (-1) D4TAlinkTask.Rd:15: Lost braces in \itemize; meant \describe ?
checkRd: (-1) D4TAlinkTask.Rd:16: Lost braces in \itemize; meant \describe ?
checkRd: (-1) D4TAlinkTask.Rd:17: Lost braces in \itemize; meant \describe ?
checkRd: (-1) D4TAlinkTask.Rd:18: Lost braces in \itemize; meant \describe ?
checkRd: (-1) D4TAlinkTask.Rd:19-20: Lost braces in \itemize; meant \describe ?
checkRd: (-1) D4TAlinkTask.Rd:21-22: Lost braces in \itemize; meant \describe ?
checkRd: (-1) D4TAlinkTask.Rd:23-24: Lost braces in \itemize; meant \describe ?
checkRd: (-1) D4TAlinkTask.Rd:25-26: Lost braces in \itemize; meant \describe ?
Flavors: r-devel-linux-x86_64-debian-clang, r-devel-linux-x86_64-debian-gcc, r-devel-linux-x86_64-fedora-clang, r-devel-linux-x86_64-fedora-gcc, r-devel-windows-x86_64, r-patched-linux-x86_64, r-release-linux-x86_64, r-release-macos-arm64, r-release-windows-x86_64
Version: 2.1.14
Check: HTML version of manual
Result: NOTE
Found the following HTML validation problems:
saveReportTable.html:80:1 (saveReportTable.Rd:36): Warning: trimming empty <dt>
Flavors: r-devel-linux-x86_64-debian-clang, r-devel-linux-x86_64-debian-gcc, r-devel-linux-x86_64-fedora-clang, r-devel-linux-x86_64-fedora-gcc, r-devel-windows-x86_64, r-patched-linux-x86_64, r-release-linux-x86_64, r-release-windows-x86_64