Last updated on 2024-05-30 12:49:14 CEST.
Flavor | Version | Tinstall | Tcheck | Ttotal | Status | Flags |
---|---|---|---|---|---|---|
r-devel-linux-x86_64-debian-clang | 1.3 | 2.56 | 35.36 | 37.92 | OK | |
r-devel-linux-x86_64-debian-gcc | 1.3 | 1.88 | 26.58 | 28.46 | OK | |
r-devel-linux-x86_64-fedora-clang | 1.3 | 47.73 | NOTE | |||
r-devel-linux-x86_64-fedora-gcc | 1.3 | 45.18 | NOTE | |||
r-devel-windows-x86_64 | 1.3 | 3.00 | 60.00 | 63.00 | OK | |
r-patched-linux-x86_64 | 1.3 | 2.34 | 34.21 | 36.55 | OK | |
r-release-linux-x86_64 | 1.3 | 2.72 | 34.32 | 37.04 | OK | |
r-release-macos-arm64 | 1.3 | 18.00 | OK | |||
r-release-windows-x86_64 | 1.3 | 3.00 | 53.00 | 56.00 | OK | |
r-oldrel-macos-arm64 | 1.3 | 27.00 | OK | |||
r-oldrel-macos-x86_64 | 1.3 | 28.00 | OK | |||
r-oldrel-windows-x86_64 | 1.3 | 5.00 | 53.00 | 58.00 | OK |
Version: 1.3
Check: dependencies in R code
Result: NOTE
Namespaces in Imports field not imported from:
‘Matrix’ ‘stringr’
All declared Imports should be used.
Flavors: r-devel-linux-x86_64-fedora-clang, r-devel-linux-x86_64-fedora-gcc