Last updated on 2024-05-30 12:49:13 CEST.
Flavor | Version | Tinstall | Tcheck | Ttotal | Status | Flags |
---|---|---|---|---|---|---|
r-devel-linux-x86_64-debian-clang | 1.0.5 | 3.77 | 42.56 | 46.33 | OK | |
r-devel-linux-x86_64-debian-gcc | 1.0.5 | 2.65 | 32.61 | 35.26 | OK | |
r-devel-linux-x86_64-fedora-clang | 1.0.5 | 60.67 | OK | |||
r-devel-linux-x86_64-fedora-gcc | 1.0.5 | 55.01 | OK | |||
r-devel-windows-x86_64 | 1.0.5 | 4.00 | 53.00 | 57.00 | NOTE | |
r-patched-linux-x86_64 | 1.0.5 | 3.59 | 42.16 | 45.75 | OK | |
r-release-linux-x86_64 | 1.0.5 | 3.05 | 40.91 | 43.96 | OK | |
r-release-macos-arm64 | 1.0.5 | 21.00 | OK | |||
r-release-windows-x86_64 | 1.0.5 | 4.00 | 53.00 | 57.00 | NOTE | |
r-oldrel-macos-arm64 | 1.0.5 | 22.00 | OK | |||
r-oldrel-macos-x86_64 | 1.0.5 | 32.00 | OK | |||
r-oldrel-windows-x86_64 | 1.0.5 | 5.00 | 59.00 | 64.00 | NOTE |
Version: 1.0.5
Check: package dependencies
Result: NOTE
Package suggested but not available for checking: 'doMC'
Flavors: r-devel-windows-x86_64, r-release-windows-x86_64, r-oldrel-windows-x86_64