Last updated on 2024-05-30 12:49:13 CEST.
Flavor | Version | Tinstall | Tcheck | Ttotal | Status | Flags |
---|---|---|---|---|---|---|
r-devel-linux-x86_64-debian-clang | 3.1.3 | 189.28 | 163.12 | 352.40 | NOTE | |
r-devel-linux-x86_64-debian-gcc | 3.1.3 | 128.12 | 114.01 | 242.13 | NOTE | |
r-devel-linux-x86_64-fedora-clang | 3.1.3 | 493.97 | NOTE | |||
r-devel-linux-x86_64-fedora-gcc | 3.1.3 | 473.11 | NOTE | |||
r-devel-windows-x86_64 | 3.1.3 | 184.00 | 195.00 | 379.00 | NOTE | |
r-patched-linux-x86_64 | 3.1.3 | 156.97 | 152.08 | 309.05 | NOTE | |
r-release-linux-x86_64 | 3.1.3 | 158.48 | 153.75 | 312.23 | NOTE | |
r-release-macos-arm64 | 3.1.3 | 153.00 | NOTE | |||
r-release-macos-x86_64 | 3.1.3 | 312.00 | NOTE | |||
r-release-windows-x86_64 | 3.1.3 | 183.00 | 192.00 | 375.00 | NOTE | |
r-oldrel-macos-arm64 | 3.1.3 | 150.00 | NOTE | |||
r-oldrel-macos-x86_64 | 3.1.3 | 282.00 | NOTE | |||
r-oldrel-windows-x86_64 | 3.1.3 | 197.00 | 232.00 | 429.00 | NOTE |
Version: 3.1.3
Check: C++ specification
Result: NOTE
Specified C++11: please drop specification unless essential
Flavors: r-devel-linux-x86_64-debian-clang, r-devel-linux-x86_64-debian-gcc, r-devel-linux-x86_64-fedora-clang, r-devel-linux-x86_64-fedora-gcc, r-devel-windows-x86_64, r-patched-linux-x86_64, r-release-linux-x86_64, r-release-macos-arm64, r-release-macos-x86_64, r-release-windows-x86_64, r-oldrel-macos-arm64, r-oldrel-macos-x86_64, r-oldrel-windows-x86_64
Version: 3.1.3
Check: for GNU extensions in Makefiles
Result: NOTE
GNU make is a SystemRequirements.
Flavors: r-devel-linux-x86_64-debian-clang, r-devel-linux-x86_64-debian-gcc, r-devel-linux-x86_64-fedora-clang, r-devel-linux-x86_64-fedora-gcc, r-devel-windows-x86_64, r-patched-linux-x86_64, r-release-linux-x86_64, r-release-macos-arm64, r-release-macos-x86_64, r-release-windows-x86_64, r-oldrel-macos-arm64, r-oldrel-macos-x86_64, r-oldrel-windows-x86_64
Version: 3.1.3
Check: installed package size
Result: NOTE
installed size is 19.0Mb
sub-directories of 1Mb or more:
data 2.0Mb
libs 16.7Mb
Flavors: r-release-macos-arm64, r-release-macos-x86_64, r-oldrel-macos-arm64, r-oldrel-macos-x86_64