Last updated on 2024-05-11 12:47:55 CEST.
Flavor | Version | Tinstall | Tcheck | Ttotal | Status | Flags |
---|---|---|---|---|---|---|
r-devel-linux-x86_64-debian-clang | 0.2.10 | 53.71 | 129.75 | 183.46 | OK | |
r-devel-linux-x86_64-debian-gcc | 0.2.10 | 53.87 | 89.60 | 143.47 | OK | |
r-devel-linux-x86_64-fedora-clang | 0.2.10 | 229.68 | OK | |||
r-devel-linux-x86_64-fedora-gcc | 0.2.10 | 270.60 | OK | |||
r-devel-windows-x86_64 | 0.2.10 | 46.00 | 128.00 | 174.00 | OK | |
r-patched-linux-x86_64 | 0.2.10 | 54.26 | 122.55 | 176.81 | OK | |
r-release-linux-x86_64 | 0.2.10 | 46.77 | 123.77 | 170.54 | OK | |
r-release-macos-arm64 | 0.2.10 | 68.00 | NOTE | |||
r-release-windows-x86_64 | 0.2.10 | 45.00 | 126.00 | 171.00 | OK | |
r-oldrel-macos-arm64 | 0.2.10 | 74.00 | NOTE | |||
r-oldrel-macos-x86_64 | 0.2.10 | 161.00 | NOTE | |||
r-oldrel-windows-x86_64 | 0.2.10 | 58.00 | 163.00 | 221.00 | OK |
Version: 0.2.10
Check: installed package size
Result: NOTE
installed size is 13.0Mb
sub-directories of 1Mb or more:
libs 12.7Mb
Flavors: r-release-macos-arm64, r-oldrel-macos-arm64, r-oldrel-macos-x86_64