Last updated on 2024-05-12 13:56:43 CEST.
Flavor | Version | Tinstall | Tcheck | Ttotal | Status | Flags |
---|---|---|---|---|---|---|
r-devel-linux-x86_64-debian-clang | 2.72 | 50.96 | 102.87 | 153.83 | NOTE | |
r-devel-linux-x86_64-debian-gcc | 2.72 | 51.84 | 192.27 | 244.11 | NOTE | |
r-devel-linux-x86_64-fedora-clang | 2.72 | 234.49 | NOTE | |||
r-devel-linux-x86_64-fedora-gcc | 2.72 | 268.22 | NOTE | |||
r-devel-windows-x86_64 | 2.72 | 48.00 | 106.00 | 154.00 | NOTE | |
r-patched-linux-x86_64 | 2.72 | 73.70 | 169.68 | 243.38 | NOTE | |
r-release-linux-x86_64 | 2.72 | 66.99 | 176.58 | 243.57 | NOTE | |
r-release-macos-arm64 | 2.72 | 60.00 | NOTE | |||
r-release-windows-x86_64 | 2.72 | 45.00 | 107.00 | 152.00 | NOTE | |
r-oldrel-macos-arm64 | 2.72 | 69.00 | NOTE | |||
r-oldrel-macos-x86_64 | 2.72 | 109.00 | NOTE | |||
r-oldrel-windows-x86_64 | 2.72 | 59.00 | 120.00 | 179.00 | NOTE |
Version: 2.72
Check: C++ specification
Result: NOTE
Specified C++11: please drop specification unless essential
Flavors: r-devel-linux-x86_64-debian-clang, r-devel-linux-x86_64-debian-gcc, r-devel-linux-x86_64-fedora-clang, r-devel-linux-x86_64-fedora-gcc, r-devel-windows-x86_64, r-patched-linux-x86_64, r-release-linux-x86_64, r-release-macos-arm64, r-release-windows-x86_64, r-oldrel-macos-arm64, r-oldrel-macos-x86_64, r-oldrel-windows-x86_64
Version: 2.72
Check: installed package size
Result: NOTE
installed size is 5.2Mb
sub-directories of 1Mb or more:
libs 3.7Mb
Flavors: r-oldrel-macos-arm64, r-oldrel-macos-x86_64
Version: 2.72
Check: package dependencies
Result: NOTE
Packages suggested but not available for checking: 'ssgraph', 'tmvtnorm'
Flavor: r-oldrel-macos-x86_64
Version: 2.72
Check: Rd cross-references
Result: NOTE
Package unavailable to check Rd xrefs: ‘ssgraph’
Flavor: r-oldrel-macos-x86_64