Last updated on 2024-05-23 12:48:18 CEST.
Flavor | Version | Tinstall | Tcheck | Ttotal | Status | Flags |
---|---|---|---|---|---|---|
r-devel-linux-x86_64-debian-clang | 1.0 | 1.70 | 54.45 | 56.15 | OK | |
r-devel-linux-x86_64-debian-gcc | 1.0 | 1.21 | 39.24 | 40.45 | OK | |
r-devel-linux-x86_64-fedora-clang | 1.0 | 72.08 | OK | |||
r-devel-linux-x86_64-fedora-gcc | 1.0 | 81.30 | OK | |||
r-devel-windows-x86_64 | 1.0 | 3.00 | 57.00 | 60.00 | OK | |
r-patched-linux-x86_64 | 1.0 | 1.60 | 53.07 | 54.67 | OK | |
r-release-linux-x86_64 | 1.0 | 1.54 | 52.82 | 54.36 | OK | |
r-release-macos-arm64 | 1.0 | 45.00 | OK | |||
r-release-macos-x86_64 | 1.0 | 26.00 | WARN | |||
r-release-windows-x86_64 | 1.0 | 2.00 | 60.00 | 62.00 | OK | |
r-oldrel-macos-arm64 | 1.0 | 49.00 | OK | |||
r-oldrel-macos-x86_64 | 1.0 | 52.00 | OK | |||
r-oldrel-windows-x86_64 | 1.0 | 4.00 | 71.00 | 75.00 | OK |
Version: 1.0
Check: package dependencies
Result: WARN
Skipping vignette re-building
Packages suggested but not available for checking: 'knitr', 'rmarkdown'
VignetteBuilder package required for checking but not installed: ‘knitr’
Flavor: r-release-macos-x86_64
Version: 1.0
Check: package vignettes
Result: NOTE
Package has ‘vignettes’ subdirectory but apparently no vignettes.
Perhaps the ‘VignetteBuilder’ information is missing from the
DESCRIPTION file?
Flavor: r-release-macos-x86_64